s digit of z?
8
Suppose 0 = -3*i - 2*i + 10. Let k(x) = -x + 2*x - 5*x**3 - i*x - x**2 - 6*x**3. What is the units digit of k(-1)?
1
Let v(r) = r**3 + 13*r**2 - 4*r - 3. Suppose p + 6 = g - p, g = 5*p + 12. Let n = g - 15. What is the units digit of v(n)?
9
Suppose -3*w - w + 37 = -n, 14 = 2*w + 4*n. Suppose -w = -8*l + 7*l. What is the units digit of 2 - 9/(l/(-4))?
6
Suppose -r + 0*r = -3*z - 17, -z = 5. Suppose -164 = -2*q + r*c + 152, -474 = -3*q - c. What is the hundreds digit of q?
1
Let w(l) = -l**3 + l**2 + l - 16. Suppose 0 = -2*c - 2*c. Let n be w(c). Let x = n + 38. What is the units digit of x?
2
Let d(a) = -a**3 + 17*a**2 - 19*a + 10. What is the tens digit of d(13)?
3
Let d be (-2)/(-11) + (-670)/55. Let v be 74/8 + (-9)/d. Let x = 47 + v. What is the units digit of x?
7
What is the tens digit of 6/((-25103)/4186 - (1 + -7))?
3
What is the tens digit of 12519/36 - 6/8 - -1?
4
Let c(z) = 48*z**2 - 2*z - 2. Let q be c(-2). What is the tens digit of q/(2 - (0 - 0))?
9
Let g = 94 - 93. What is the tens digit of (g*36)/(-4)*-17?
5
Let l be 2/(-3) + (-44)/6. Let g be l*(-2 - (-6)/4). Suppose g*h - 9 = -3*u, 5*u + 0*h - h = 15. What is the units digit of u?
3
Let g(y) = -y**3 - 28*y**2 - 29*y - 213. What is the thousands digit of g(-30)?
2
Let g = 42 - 15. Let p be (g/(-9))/(6/8). Let x(t) = -t + 5. What is the units digit of x(p)?
9
Suppose -3*h = -2*h. Suppose 5*z + h*z = 0. Suppose -5*d = 3*f - 0*f + 22, z = 2*f + 2*d + 8. What is the units digit of f?
1
Let q = 2946 - 732. What is the tens digit of q?
1
Let a be ((-7)/(28/16) + -34)/(-2). Suppose a*s - 22*s = -624. What is the tens digit of s?
0
Let w(i) = i + 162. What is the tens digit of w(-8)?
5
Let w(n) be the third derivative of -n**4/8 + 2*n**3 - 3*n**2. What is the tens digit of w(-6)?
3
Let t = -89 - -273. What is the tens digit of t?
8
Suppose 41*l - 36*l + 8954 = 3*g, -5968 = -2*g + 2*l. What is the hundreds digit of g?
9
Suppose 0 = -31*t + 40*t - 9936. What is the tens digit of t?
0
Let l be 0/4 + 3*(1 + 0). Suppose -2*t - 4*h + 296 = 0, 8*t - 4*h = l*t + 698. What is the units digit of t?
2
What is the units digit of 5 - 3/(-6)*982?
6
Suppose -2*u = -h - 628, 2*u + 8*h = 3*h + 628. What is the units digit of u?
4
Let x(r) = 0 - 19*r + 53*r - 1. What is the tens digit of x(1)?
3
Let b(l) = l**2 - 18*l + 1. Let t be b(17). Let z = 163 + t. What is the hundreds digit of z?
1
Suppose 3*v - 235 = -2*v. Let o = -29 + v. Suppose -z + 8 = -o. What is the units digit of z?
6
Let k(f) = f**2 + 8*f + 8. Let c be k(-8). Suppose 3*m - m = -2*n + c, 3*n - 15 = -2*m. Let j = n - 2. What is the units digit of j?
5
Let q(a) be the third derivative of a**6/120 + a**5/12 - 5*a**3/6 - 12*a**2. What is the tens digit of q(4)?
3
Suppose 462*n - 8088 = 459*n. What is the thousands digit of n?
2
Let k(v) = -9*v - 3. Let t be k(3). Let i = t + 118. What is the tens digit of i?
8
Suppose -545 = -5*w + 4*t + 845, -3*t = 0. What is the units digit of w?
8
Suppose v - 2 = 0, 4*m = 3*m + 2*v - 4. Let f = -6 + m. What is the units digit of (-3)/(-6) + (-21)/f?
4
Suppose -4*w - 4*j = 16, 2*j + 4 = -3*w + 3*j. Let i be w/(-7) - 4776/(-42). Suppose 110 = 2*u + 5*o, -5*u + i = 3*o - 123. What is the units digit of u?
5
Let h(u) = 2*u**2 - u + 4. Let c(w) = -w**3 - 11*w**2 + 13*w + 15. Let d be -10 + -2 - (2 + -2). Let z be c(d). What is the tens digit of h(z)?
1
Let j(r) = -2*r**2 + 14*r + 8. Let m be j(8). What is the tens digit of 4/m*-436 - 3?
1
Let m(b) = 3 + b + 2 - 1. Let w be m(-5). What is the tens digit of (-1963)/(-52) - w/4?
3
Let q(j) be the first derivative of 5*j**3 + 5*j**2/2 - 4*j - 8. What is the units digit of q(3)?
6
Let q(m) = m**3 + 10*m**2 + 3*m + 16. What is the units digit of q(-7)?
2
Let u(q) be the first derivative of -q**4/4 - 3*q**3 + 4*q - 4. Let z be u(-5). What is the units digit of ((-1)/3)/(4/z)?
8
Let s = -43 + 45. Suppose 3*r + u + 52 = 4*r, s*r + u = 95. What is the units digit of r?
9
Let n(p) = 13*p**2 + 11*p + 7. What is the hundreds digit of n(-5)?
2
Let h be (-3)/(-2 + 518/262). Let r = h - 44. What is the tens digit of r?
8
Suppose -4759 = -4*u + 68*r - 73*r, -4*u = r - 4763. What is the tens digit of u?
9
Let d = -496 + 796. What is the units digit of d?
0
Suppose 0 = 26*x - 24*x - 8. Suppose -2*b = x*r - 50, 2*b - 22 = -r - r. What is the units digit of r?
4
Let s = 184 - -101. What is the hundreds digit of s?
2
Suppose -3*n - 43 = 3*z - 511, 4*n = -3*z + 622. What is the units digit of n?
4
Suppose -5*i - 5415 = -4*g - 0*i, i - 4047 = -3*g. What is the tens digit of g?
5
Let r be (-4)/(-6)*(-27)/(-6) + -6. What is the units digit of (-1)/3 + (-217)/r?
2
Let f = 25 + 4. Suppose -q - f - 10 = 0. What is the tens digit of 154/13 - 6/q?
1
Suppose -3*y = -1915 - 287. Suppose -8*h + 106 + y = 0. What is the hundreds digit of h?
1
Let v = -1837 + 5607. What is the hundreds digit of v?
7
Let p(i) = -i + 20. Let l be p(16). Suppose -l*m = -31 - 157. What is the units digit of m?
7
Let b(w) = -w. Let u be b(-2). Let i be 3/((0 - u)/2). What is the units digit of -1 + -2 - (i + -8)?
8
Let h be 2 + -1 + (-7 - -9). Suppose -d - h*d - 64 = 0. Let q = 61 + d. What is the tens digit of q?
4
Suppose z + 43 = 4*c, 0 = -c + 2*z - 8 + 24. Suppose -2*t - 2*w - c = 0, 4*t - 3*w + 6 = -0. What is the tens digit of 4/2 - 39/t?
1
Suppose -3*x - 6*x = -990. What is the units digit of x?
0
Suppose 4*l + 430 = 1730. What is the tens digit of (21/(-15) + 3)/(5/l)?
0
Let y = 26 + -21. Suppose 0 = k - 50 + y. What is the tens digit of k?
4
Let a(o) = -10*o - 81*o**2 - 73*o**2 - 19 + 156*o**2. What is the units digit of a(-8)?
9
Suppose 90*l - 34700 = 80*l. What is the thousands digit of l?
3
What is the tens digit of (-414)/((-3)/3) - -1?
1
Suppose 5*x - 81 = -z, -13 = 4*z + 3. Let y = -2 + x. What is the units digit of y?
5
Let m(v) = -v**3 + 29*v**2 - 28*v - 28. Let x(d) = d**3 - 30*d**2 + 28*d + 29. Let z(n) = -3*m(n) - 2*x(n). What is the units digit of z(26)?
8
Let d(x) = x**3 + 7*x**2 - 10*x + 4. Let q(l) = l + 16. Let h be q(0). Suppose o = -o - h. What is the tens digit of d(o)?
2
What is the tens digit of 2683*8/44 - 4/(-22)?
8
Suppose -18*j + 10*q = -16*j - 12354, 0 = j - q - 6157. What is the tens digit of j?
5
Suppose 0 = 3*h - 2*h + 216. Let b be (-1)/(-5) - h/(-5). Let o = -21 - b. What is the units digit of o?
2
Suppose 3*c = 7*c - 276. Let z be c/21 + 2/(-7). Suppose z*t - 2*t - 19 = 0. What is the units digit of t?
9
Suppose 20*h + 1050 = 34*h. What is the tens digit of h?
7
Let q(z) = -9*z**3 + z**2 - z. Let m be q(1). Let a be -3*4/m*-3. What is the units digit of (-43)/(-4) - 1/a?
1
What is the thousands digit of (17/4 - 1)/((-128)/(-76800))?
1
Let b be (15 - 62)/((-2)/22). Let p = -308 + b. What is the units digit of p?
9
Let o be (5/5)/((-1)/(-43)). Suppose 2*x - o = -3*p + 55, p - 34 = -2*x. What is the units digit of p?
2
Let p(x) = 172*x + 194. What is the tens digit of p(14)?
0
Let c(w) = w**3 + 21*w**2 - 19*w + 16. What is the tens digit of c(-18)?
3
Suppose 11*m = 56*m - 47430. What is the units digit of m?
4
Let r(f) be the second derivative of 17*f**3/6 - 7*f**2 - f. What is the tens digit of r(4)?
5
What is the hundreds digit of -4*(-18)/(-84)*(0 + -497)?
4
Suppose -25 = 5*m, -4*r = -9*r + 4*m + 3730. What is the units digit of r?
2
Let f(w) = -224*w - 1. Suppose -48*u - 4 = -44*u. What is the hundreds digit of f(u)?
2
Suppose 12*b = 27*b - 8175. What is the hundreds digit of b?
5
Let g(q) = -121*q**3 + 15*q - 4. What is the hundreds digit of g(-3)?
2
Suppose -55*h + 65673 = -23262. What is the hundreds digit of h?
6
Let s = 720 + -131. What is the hundreds digit of s?
5
Suppose -5*j - 5472 = -13*j. What is the hundreds digit of j?
6
Suppose 5*j = 3*z - z + 972, 0 = -3*j + 3*z + 576. What is the hundreds digit of j?
1
Let i = 126 - 49. Let m = 49 - i. Let p = 69 + m. What is the units digit of p?
1
Suppose 0 = 12*u - 14*u + 2068. What is the thousands digit of u?
1
Let s = 31 - 20. Suppose 46 = c - s. Let a = c - 29. What is the units digit of a?
8
Let r = 7 + 1. Let d(i) = i**2 - 9*i + 11. Let o be d(r). Suppose 3*z = 5*h + z - 274, o*h = -2*z + 158. What is the tens digit of h?
5
Suppose -4*i + 7*i - 22 = -4*r, 5*i + 3*r = 33. Suppose i*m = m + 100. Wh